Let u = -19 + 28. Suppose -17 - u = -2*h. What are the prime factors of h?
13
Let b(o) = 3*o**2 - 20*o - 1. What are the prime factors of b(9)?
2, 31
Let x = -7 + 7. Suppose 2*b = 5*n - 24 - 15, 3*n + 5*b - 11 = x. List the prime factors of n.
7
Suppose t = 0, 5*t = -5*n + n + 1248. List the prime factors of n.
2, 3, 13
Let l be (-2)/8 + (-6)/(-24). Suppose -c - 4*c + 10 = l. Suppose 3*q + 3*k = 0, 0 = q + c*q + 4*k + 5. List the prime factors of q.
5
Let j = 19 - 28. What are the prime factors of ((-27)/(-3))/(j/(-24))?
2, 3
List the prime factors of 3/((1 - 5)/(-28)).
3, 7
Suppose -1 - 9 = -5*k. Suppose 5*u = -d + 1, -d + 73 = k*d + u. What are the prime factors of d?
2, 13
Let j be (-4)/((-12)/9) - -1. Suppose -j*p - 5*y - 21 = 0, y = 3*p + 3*y + 7. List the prime factors of -12*(0 - p) - 3.
3
Let m(i) = i**2 - 7*i - 6. Let v be m(8). Suppose -v*j + j + 5 = 0, 5*g = 2*j + 75. List the prime factors of g.
17
Let k(d) be the first derivative of d**3 - 3*d - 3. Let y(g) be the first derivative of k(g). List the prime factors of y(1).
2, 3
Let o(r) = -15*r - 7. List the prime factors of o(-3).
2, 19
Let q(v) = v - 2. Let u be q(4). Suppose l = -c, 0 = u*c + 5*l + 22 - 7. Suppose 0 = 5*s - c*o - 60, o = -4 + 1. What are the prime factors of s?
3
Let d(v) be the second derivative of v**5/20 - 2*v**4/3 + 3*v**3/2 + 7*v**2/2 - 8*v. What are the prime factors of d(7)?
3, 7
Suppose -2*u + 57 = -5*u. Let w = u - -29. List the prime factors of w.
2, 5
Let s be 2/(-2)*2 - -8. Suppose 3*b = -0 + s. What are the prime factors of b?
2
Let i(r) be the first derivative of -21*r**2 + 2*r - 8. What are the prime factors of i(-1)?
2, 11
Let m = 7 - 4. Suppose 13 = i + m. List the prime factors of i.
2, 5
Let b(y) = -3*y + 41. What are the prime factors of b(0)?
41
Let a(p) = p + 6. Let w(u) = 1. Let j(n) = -a(n) + 6*w(n). Let c be j(-4). Suppose 10 = 3*k - 5*q, -3*k + c*q + 6 = -8. List the prime factors of k.
2, 5
Suppose -3*a + 88 = 13. Suppose n - 37 = -b - 3*b, 5*b = 3*n + a. List the prime factors of b.
2
Let l(i) = 7*i**2 - 11*i + 6. List the prime factors of l(4).
2, 37
Let m(f) = f**3 - 2*f**2 - 4*f - 3. Let l be m(4). Suppose 3*j + 34 = l. Let w = -2 - j. What are the prime factors of w?
5
Let f = -26 - -66. List the prime factors of (f/8)/(1/3).
3, 5
Suppose 0 = -12*h + 2805 - 297. List the prime factors of h.
11, 19
Suppose -105 = -5*a + 20. What are the prime factors of a?
5
Suppose -196 = -5*y + 899. What are the prime factors of y?
3, 73
Let x(s) = -68*s - 1. List the prime factors of x(-1).
67
Suppose 0 = f + 5*p + 7, -4*p - 20 = -f - 0. What are the prime factors of f?
2
Suppose -3*t - r - 8 = 0, -t - 3*r - 6 = -r. Let n(m) = m - 12. Let g be n(0). List the prime factors of (3/t)/(6/g).
3
Suppose -5*c - 4 = -14. Let j be c + (-16)/3*-3. Suppose -3*m = -5*m + j. List the prime factors of m.
3
Suppose -12*o + 59 = -37. List the prime factors of o.
2
Let u(j) = 5*j + 5. Let f(i) = 14*i - 20. Let t(o) = 5*o - 7. Let d(m) = -6*f(m) + 17*t(m). Let a(w) = -6*d(w) + u(w). What are the prime factors of a(-6)?
5
Suppose -4*g = -3*f + 4 + 11, 4*g - 4*f = -20. Let d(i) = g + 6*i - 1 - 3*i. What are the prime factors of d(2)?
5
Let s(g) = 6*g + 5. What are the prime factors of s(3)?
23
Let j(s) = s**2 - 9*s + 2. List the prime factors of j(-8).
2, 3, 23
Let g = 7 - 5. Suppose -t - 29 = -n, g*n - 5*t - 95 = -n. Suppose z = 2 - 1, -2*o - z = -n. What are the prime factors of o?
2, 3
Suppose -803 + 257 = -3*z. List the prime factors of z.
2, 7, 13
What are the prime factors of (2/(-4) + 1)/((-16)/(-544))?
17
Let r = 40 - 27. Suppose 0 = -v + 22 + r. What are the prime factors of v?
5, 7
Let g be -3*((-8)/4 + -1). Suppose -5*t = -91 - g. What are the prime factors of t?
2, 5
Suppose k = 5*k + 16, -g - 4*k - 85 = 0. List the prime factors of (-2)/8 + g/(-4).
17
Let c(s) = 3*s + 0*s - s - 7 - 5*s. List the prime factors of c(-8).
17
Let z = -181 - -335. List the prime factors of z.
2, 7, 11
Suppose 4*m = 2*y - m - 104, -52 = -y + 3*m. List the prime factors of y.
2, 13
Suppose -x = k - 129, -k + 4*x + 78 = -26. List the prime factors of k.
2, 31
Suppose 2*s + 3*a + 37 = 0, -a + 18 + 39 = -2*s. Let z = -8 - s. Suppose -u + z = 2*v - v, -4*v - 2*u + 72 = 0. What are the prime factors of v?
2, 3
Suppose s + 0*w - 55 = w, -3*s - 3*w + 147 = 0. List the prime factors of s.
2, 13
Let t(o) = 2*o + 1. Let p = 2 + 0. Let l be t(p). Suppose l*n + 0*k = 5*k + 40, 5*n = 3*k + 48. List the prime factors of n.
2, 3
Let b = -57 + 115. List the prime factors of b.
2, 29
Suppose -3*x + 2 = 2*b, -3*x - 12 = -2*b - x. Let t be (-9)/(-15) + (-72)/(-5). Let m = t - b. List the prime factors of m.
11
What are the prime factors of (5 - 1) + 1/(-1)?
3
Let g(q) = -31*q + 5. What are the prime factors of g(-2)?
67
Let j(p) = -2*p. Let r be j(-1). Suppose r*s + 2*h + 22 = 4*s, s - 3*h - 17 = 0. What are the prime factors of s?
2
Let n = 99 + 15. List the prime factors of n.
2, 3, 19
Suppose -5*x + 2*x + 15 = 0. Suppose 34 + x = 3*w. Suppose a - w - 8 = 0. What are the prime factors of a?
3, 7
Let q(p) = p**2 - 6. Let x be q(5). Suppose 0 = 3*w - 82 - 119. Suppose -5*n + 2*z = -2*z - w, n - x = -2*z. List the prime factors of n.
3, 5
Suppose 5*c = 11 + 4. Suppose 4*u - 3*u - c = 0. List the prime factors of 152/20 - u/5.
7
Let y(n) = 32*n**3 - n**2 + n. List the prime factors of y(1).
2
Let a = -82 - -187. List the prime factors of a.
3, 5, 7
Let v(a) = 0*a - 4*a - 5*a - 4 - a. What are the prime factors of v(-2)?
2
Let c = 28 + 22. What are the prime factors of c?
2, 5
Let l = -3 + 133. List the prime factors of l.
2, 5, 13
Suppose -24 = -4*v + 5*p, 0*v - 18 = 2*v + 5*p. Let o = v - -2. What are the prime factors of o?
3
Let g = 80 + 18. List the prime factors of g.
2, 7
List the prime factors of (-1 + 118)/3*1.
3, 13
List the prime factors of (2*(-3)/(-12))/(9/1296).
2, 3
Suppose -5*l + 6*l = 66. List the prime factors of l.
2, 3, 11
Let g(u) = 2*u + 62. List the prime factors of g(21).
2, 13
Let n = 9 + -11. List the prime factors of (-2 - (n + 2))*-13.
2, 13
Let z = 2 - 20. Let s be 14/63 + (-86)/z. Suppose -s*k - 65 = -5*t, -3*t = 2*k - 17 - 12. What are the prime factors of t?
11
Let o be 0/(-1 - -2 - -2). Suppose o = -4*x - 4*c - 8, c = 2*x - 9 - 2. List the prime factors of x.
3
Suppose -5*s + 4*z = -708, -z - 4*z = 2*s - 303. What are the prime factors of s?
2, 3
Let p = 5 + -9. What are the prime factors of (3 - (-50)/p)*-2?
19
Let n(k) = k**3 - 9*k**2 + 3*k - 10. List the prime factors of n(9).
17
Suppose 0 = -6*g + g - 20. Let t(j) = j**2 + 4*j + 4. List the prime factors of t(g).
2
Let p = -15 + 49. What are the prime factors of p?
2, 17
Let k be 0 + -5 + -1 - 0. Let n = k + 5. Let j(m) = 6*m**2 - m - 1. What are the prime factors of j(n)?
2, 3
Let w(x) = -x**3 - 2*x**2 - 3*x - 3. Let o be w(-2). Let a = -1 - 0. Let f = o - a. List the prime factors of f.
2
Let c(n) = n**3 - 4*n - 3. Let z(s) = -s**3 + 4*s + 4. Let m be ((-6)/(-5))/(6/(-20)). Let g(b) = m*z(b) - 5*c(b). What are the prime factors of g(-3)?
2, 7
Let f be ((-1)/3)/(2/(-12)). Suppose f*h + 2 = 6. What are the prime factors of h?
2
Let p be -4 - (0 - (-2 + 4)). Let s be p + 2*-1 + 7. Suppose -60 = -s*n - 2*n. What are the prime factors of n?
2, 3
Let j = -5 + 16. Suppose p = t - j, -3*t + 0*p - 3*p = -3. List the prime factors of t.
2, 3
Let c = -11 - -4. Let s = c + 11. What are the prime factors of s?
2
Let r(q) be the second derivative of -q**4/12 + 7*q**3/6 - 3*q**2 - 3*q. What are the prime factors of r(5)?
2
List the prime factors of (-6)/(-2) + -2 + 67.
2, 17
Let s(h) = -2*h + 8. Let v be s(10). Let g = 14 + v. List the prime factors of g.
2
Let f be ((-1)/(-1))/(15/555). Suppose 4*s + w = -0*s + 126, s + 3*w - f = 0. List the prime factors of s.
31
Let u(y) = 0 - 5 + 2*y + 4. Let l be u(4). Suppose 2*f - 7 = l. List the prime factors of f.
7
Let x = 74 - 51. List the prime factors of x.
23
Let f = 267 - 146. What are the prime factors of f?
11
Let y(b) = b**3 + 7*b**2 + 6*b + 7. What are the prime factors of y(-5)?
3
Let g be (-51)/(-4) - 3/(-12). Suppose -4*j + g + 3 = 0. List the prime factors of j.
2
Let j(n) = 11*n**2. Let d be j(-2). Suppose d = 3*q + q. List the prime factors of q.
11
Suppose 5*b 